a prime number?
True
Is 2975121713 a composite number?
False
Is 1112721589 composite?
True
Is 885345823 composite?
True
Is 63939229691 a composite number?
False
Is 8764507673 composite?
True
Is 3488079713 a composite number?
False
Is 360171499 prime?
True
Is 21829193267 composite?
True
Is 642048149 prime?
True
Is 3947684441 a composite number?
True
Is 147460149637 a prime number?
True
Is 3582152071 prime?
False
Is 12142975541 prime?
True
Is 1459032779 a prime number?
True
Is 3794493877 prime?
True
Is 20268597841 a composite number?
False
Is 11283063481 a prime number?
True
Is 429188911 composite?
True
Is 12161058379 a prime number?
True
Is 14467813618 composite?
True
Is 3014166619 composite?
True
Is 75580856621 a composite number?
True
Is 12525521227 a composite number?
False
Is 1428719011 prime?
True
Is 7441038679 a prime number?
False
Is 3885209893 composite?
True
Is 118807742771 composite?
False
Is 3557513639 a composite number?
True
Is 398106209 a prime number?
True
Is 298961044861 composite?
False
Is 969124397 composite?
False
Is 39236099677 prime?
True
Is 22940699233 composite?
True
Is 1586012503 composite?
True
Is 4910614327 a composite number?
False
Is 4964051087 composite?
False
Is 142164571 prime?
False
Is 2046102017 a composite number?
False
Is 9205461037 a prime number?
True
Is 3674041603 composite?
True
Is 50722559 prime?
True
Is 1981754051 prime?
True
Is 11124259 composite?
False
Is 7329031819 a composite number?
False
Is 45092157563 prime?
False
Is 33007024415 prime?
False
Is 228844079 a composite number?
True
Is 126490418837 prime?
True
Is 35632203707 prime?
False
Is 233237177 composite?
False
Is 5856576541 composite?
False
Is 1863760138 composite?
True
Is 77665183 prime?
False
Is 381057822373 a composite number?
False
Is 8515356541 prime?
True
Is 22050570089 composite?
False
Is 2700972059 composite?
True
Is 66902062501 a prime number?
True
Is 30071651 a prime number?
False
Is 2172012707 prime?
True
Is 4480525177 composite?
True
Is 16454479917 composite?
True
Is 208123101601 composite?
False
Is 13049772551 prime?
False
Is 12668034751 a composite number?
True
Is 2220129817 a prime number?
True
Is 15316632941 a composite number?
False
Is 1723645643 a composite number?
True
Is 3051070877 a composite number?
False
Is 13812674515 a composite number?
True
Is 2246711303 a composite number?
True
Is 3084271217 a prime number?
True
Is 2992096273 prime?
False
Is 631174174 a prime number?
False
Is 1770500483 a prime number?
False
Is 231936073 composite?
False
Is 161112551 prime?
False
Is 11594166707 prime?
False
Is 4361263391 composite?
True
Is 2382560929 prime?
False
Is 8200527638 prime?
False
Is 21598316581 a prime number?
True
Is 26614630333 composite?
False
Is 83079934207 a prime number?
True
Is 58653245843 a composite number?
False
Is 5075069669 prime?
False
Is 3736797083 a prime number?
True
Is 101221361 a prime number?
False
Is 2962570937 a prime number?
False
Is 154910593709 prime?
True
Is 3574677877 a prime number?
True
Is 71868905309 prime?
True
Is 1165995827 prime?
True
Is 19355500403 composite?
False
Is 2771982803 a composite number?
False
Is 4105072459 prime?
True
Is 3034998157 composite?
True
Is 694724749 prime?
False
Is 88752872603 a composite number?
False
Is 669959531 a prime number?
True
Is 2252698769 a prime number?
True
Is 520402243 a composite number?
True
Is 913170307 a prime number?
False
Is 4297520819 a composite number?
True
Is 6726668471 a prime number?
False
Is 119438663 a composite number?
False
Is 14707059049 a composite number?
False
Is 4831301701 a composite number?
True
Is 274001029 composite?
False
Is 2645828503 composite?
False
Is 33728729 a prime number?
True
Is 504730159 a composite number?
False
Is 16618727143 a composite number?
False
Is 156894557 composite?
False
Is 170248871703 a prime number?
False
Is 107919151 prime?
False
Is 366817343 composite?
False
Is 3889883359 composite?
False
Is 91897823 composite?
True
Is 75710571659 a composite number?
False
Is 43914623 prime?
False
Is 1306424531 a composite number?
False
Is 31091515969 prime?
False
Is 45019545139 prime?
False
Is 3526009301 composite?
False
Is 12388319821 a composite number?
False
Is 10576372237 prime?
True
Is 10062883267 a prime number?
False
Is 31412446613 a prime number?
True
Is 296031983 prime?
False
Is 142015723 a composite number?
False
Is 6563130881 composite?
False
Is 4254134189 composite?
True
Is 626175131 a composite number?
False
Is 1297308671 composite?
False
Is 1574939207 prime?
True
Is 355365817 a prime number?
True
Is 123130240447 a composite number?
False
Is 6989213879 prime?
True
Is 3083628649 prime?
False
Is 3649613687 a composite number?
True
Is 22868784817 a composite number?
True
Is 316899529 a prime number?
False
Is 47110462277 prime?
True
Is 807114071 a composite number?
False
Is 36989798273 a composite number?
True
Is 1571704297 a composite number?
False
Is 33306799727 composite?
False
Is 309757407 a prime number?
False
Is 1494907313 a prime number?
True
Is 1945944991 prime?
False
Is 3437912783 a prime number?
False
Is 2244403883 a prime number?
True
Is 1123122713 prime?
False
Is 4494793942 a prime number?
False
Is 3929673745 prime?
False
Is 141014827349 a composite number?
True
Is 2003905367 prime?
False
Is 1744423691 prime?
False
Is 60977294177 a prime number?
False
Is 1798194859 composite?
False
Is 1048453239 composite?
True
Is 6886877783 prime?
True
Is 4767029237 a composite number?
True
Is 93406661 a prime number?
False
Is 17011751 composite?
False
Is 104699923079 prime?
True
Is 580863299 a composite number?
True
Is 111771349 prime?
True
Is 19878844267 a prime number?
False
Is 707027311 composite?
False
Is 2228729627 a prime number?
True
Is 23669900311 a prime number?
False
Is 2930168851 composite?
False
Is 34574909101 a composite number?
True
Is 4642416733 prime?
True
Is 1258747673 composite?
True
Is 49810231777 a composite number?
True
Is 3385099513 composite?
True
Is 147287947 prime?
True
Is 5451041471 prime?
False
Is 2275926437 composite?
False
Is 201985531 a composite number?
True
Is 2848643585 a composite number?
True
Is 1701589633 composite?
True
Is 1636279571 a composite number?
False
Is 1746663409 composite?
False
Is 9023453 prime?
False
Is 18300097561 a composite number?
False
Is 2361975421 composite?
True
Is 11451090043 a prime number?
True
Is 358997773 composite?
True
Is 3750434159 a composite number?
False
Is 5150576533 a composite number?
True
Is 18850598113 a prime number?
True
Is 7327675169 a prime number?
False
Is 4534965503 a prime number?
False
Is 32393332399 a prime number?
True
Is 19386224579 a composite number?
False
Is 248191989 a composite number?
True
Is 33403395049 a composite number?
False
Is 5778052619 composite?
True
Is 111725128243 prime?
False
Is 864315461 prime?
False
Is 940677977 prime?
True
Is 17148276413 prime?
True
Is 5000007229 a prime number?
False
Is 8552892067 a prime number?
True
Is 2234495027 composite?
False
Is 2994876727 a composite number?
False
Is 8076292351 prime?
False
Is 629597379 a prime number?
False
Is 864853214 composite?
True
Is 17759792561 prime?
False
Is 47101992583 a prime number?
False
Is 14918035927 prime?
True
Is 205204333 prime?
True
Is 7006969537 a prime number?
True
Is 9708281207 a composite number?
True
Is 81778389103 a composite number?
True
Is 20372496337 a prime number?
False
Is 11871852719 a composite number?
False
Is 839956739 prime?
True
Is 376157063 composite?
False
Is 3756829199 a prime number?
True
Is 128967865535 a composite number?
True
Is 111961069027 a composite number?
False
Is 212150722789 a prime number?
True
Is 53472325987 a prime number?
True
Is 1179711769 a prime number?
False
Is 10814977795 prime?
False
Is 1830048413 a composite number?
False
Is 206140684481 composite?
True
Is 18191294611 prime?
False
Is 255507349 prime?
True
Is 91242821337 composite?
True
Is 313927 a prime number?
False
Is 194938700881 a prime number?
True
Is 35627744609 a prime number?
False
Is 4012151267 prime?
True
Is 1787956019 a prime number?
False
Is 3361420061 prime?
True
Is 86040244973 a composite number?
True
Is 439285237 a composite number?
True
Is 5555586653 composite?
False
Is 60505825669 prime?
True
Is 1835548207 composite?
True
Is 52714268351